{"id":83,"date":"2019-04-18T17:11:45","date_gmt":"2019-04-18T15:11:45","guid":{"rendered":"http:\/\/localhost\/owrk\/?page_id=83"},"modified":"2025-03-18T13:38:47","modified_gmt":"2025-03-18T12:38:47","slug":"kontakt","status":"publish","type":"page","link":"https:\/\/rehabilitacjakardiologiczna.kopernik.lodz.pl\/?page_id=83","title":{"rendered":"Kontakt"},"content":{"rendered":"<p><strong>Wojew\u00f3dzkie Wielospecjalistyczne Centrum Onkologii i Traumatologii im. M. Kopernika w \u0141odzi<\/strong><\/p>\n<p><strong>O\u015brodek Wczesnej Rehabilitacji Kardiologicznej<\/strong><\/p>\n<p>93-438 \u0141\u00f3d\u017a<\/p>\n<p>ul. Popio\u0142y 40<\/p>\n<p>Skierowanie na leczenie w O\u015brodku Wczesnej Rehabilitacji Kardiologicznej pacjent otrzymuje po pobycie w oddziale kardiologicznym lub kardiochirurgicznym z powodu chor\u00f3b uk\u0142adu kr\u0105\u017cenia (przyj\u0119cie do O\u015brodka do 56 dni od daty wypisu z oddzia\u0142u ostrej fazy).<\/p>\n<p>W celu wyznaczenia terminu przyj\u0119cia nale\u017cy skontaktowa\u0107 si\u0119 z:<\/p>\n<ul>\n<li>sekretariatem O\u015brodka pod nr. telefonu <strong>42\u00a0689 50 61<\/strong> lub<\/li>\n<li>pokojem lekarskim pod nr telefonu <strong>42\u00a0689 50 63<\/strong><\/li>\n<\/ul>\n<p>podaj\u0105c dane:<\/p>\n<ul>\n<li>imi\u0119 i nazwisko pacjenta<\/li>\n<li>nr PESEL<\/li>\n<li>telefon kontaktowy<\/li>\n<li>kod dost\u0119pu do e-skierowania.<\/li>\n<\/ul>\n<p><a href=\"mailto:sekretariat.popioly@kopernik.lodz.pl\">sekretariat.popioly@kopernik.lodz.pl<\/a><\/p>\n","protected":false},"excerpt":{"rendered":"<p>Wojew\u00f3dzkie Wielospecjalistyczne Centrum Onkologii i Traumatologii im. M. Kopernika w \u0141odzi O\u015brodek Wczesnej Rehabilitacji Kardiologicznej 93-438 \u0141\u00f3d\u017a ul. Popio\u0142y 40 Skierowanie na leczenie w O\u015brodku Wczesnej Rehabilitacji Kardiologicznej pacjent otrzymuje po pobycie w oddziale kardiologicznym lub kardiochirurgicznym z powodu chor\u00f3b uk\u0142adu kr\u0105\u017cenia (przyj\u0119cie do O\u015brodka do 56 dni od daty wypisu z oddzia\u0142u ostrej fazy). [&hellip;]<\/p>\n","protected":false},"author":1,"featured_media":0,"parent":0,"menu_order":0,"comment_status":"closed","ping_status":"closed","template":"","meta":{"_acf_changed":false,"footnotes":""},"class_list":["post-83","page","type-page","status-publish","hentry"],"acf":[],"_links":{"self":[{"href":"https:\/\/rehabilitacjakardiologiczna.kopernik.lodz.pl\/index.php?rest_route=\/wp\/v2\/pages\/83","targetHints":{"allow":["GET"]}}],"collection":[{"href":"https:\/\/rehabilitacjakardiologiczna.kopernik.lodz.pl\/index.php?rest_route=\/wp\/v2\/pages"}],"about":[{"href":"https:\/\/rehabilitacjakardiologiczna.kopernik.lodz.pl\/index.php?rest_route=\/wp\/v2\/types\/page"}],"author":[{"embeddable":true,"href":"https:\/\/rehabilitacjakardiologiczna.kopernik.lodz.pl\/index.php?rest_route=\/wp\/v2\/users\/1"}],"replies":[{"embeddable":true,"href":"https:\/\/rehabilitacjakardiologiczna.kopernik.lodz.pl\/index.php?rest_route=%2Fwp%2Fv2%2Fcomments&post=83"}],"version-history":[{"count":27,"href":"https:\/\/rehabilitacjakardiologiczna.kopernik.lodz.pl\/index.php?rest_route=\/wp\/v2\/pages\/83\/revisions"}],"predecessor-version":[{"id":551,"href":"https:\/\/rehabilitacjakardiologiczna.kopernik.lodz.pl\/index.php?rest_route=\/wp\/v2\/pages\/83\/revisions\/551"}],"wp:attachment":[{"href":"https:\/\/rehabilitacjakardiologiczna.kopernik.lodz.pl\/index.php?rest_route=%2Fwp%2Fv2%2Fmedia&parent=83"}],"curies":[{"name":"wp","href":"https:\/\/api.w.org\/{rel}","templated":true}]}}